Last updated on 2025-01-19 05:49:15 CET.
Flavor | Version | Tinstall | Tcheck | Ttotal | Status | Flags |
---|---|---|---|---|---|---|
r-devel-linux-x86_64-debian-clang | 1.2.3 | 109.39 | 112.15 | 221.54 | OK | |
r-devel-linux-x86_64-debian-gcc | 1.2.3 | 72.61 | 86.67 | 159.28 | OK | |
r-devel-linux-x86_64-fedora-clang | 1.2.3 | 414.74 | OK | |||
r-devel-linux-x86_64-fedora-gcc | 1.2.3 | 423.76 | OK | |||
r-devel-windows-x86_64 | 1.2.3 | 113.00 | 173.00 | 286.00 | OK | |
r-patched-linux-x86_64 | 1.2.3 | 103.88 | 106.74 | 210.62 | OK | |
r-release-linux-x86_64 | 1.2.3 | 105.61 | 106.71 | 212.32 | OK | |
r-release-macos-arm64 | 1.2.3 | 105.00 | NOTE | |||
r-release-macos-x86_64 | 1.2.3 | 123.00 | NOTE | |||
r-release-windows-x86_64 | 1.2.3 | 110.00 | 171.00 | 281.00 | OK | |
r-oldrel-macos-arm64 | 1.2.3 | 113.00 | NOTE | |||
r-oldrel-macos-x86_64 | 1.2.3 | 202.00 | NOTE | |||
r-oldrel-windows-x86_64 | 1.2.3 | 127.00 | 186.00 | 313.00 | OK |
Version: 1.2.3
Check: installed package size
Result: NOTE
installed size is 6.7Mb
sub-directories of 1Mb or more:
doc 1.6Mb
libs 4.9Mb
Flavors: r-release-macos-arm64, r-release-macos-x86_64, r-oldrel-macos-arm64, r-oldrel-macos-x86_64