CRAN Package Check Results for Package netrankr

Last updated on 2020-06-02 12:48:50 CEST.

Flavor Version Tinstall Tcheck Ttotal Status Flags
r-devel-linux-x86_64-debian-clang 0.2.1 165.83 76.58 242.41 OK
r-devel-linux-x86_64-debian-gcc 0.2.1 111.99 59.14 171.13 OK
r-devel-linux-x86_64-fedora-clang 0.2.1 339.46 NOTE
r-devel-linux-x86_64-fedora-gcc 0.2.1 285.83 OK
r-devel-windows-ix86+x86_64 0.2.1 372.00 170.00 542.00 OK
r-patched-linux-x86_64 0.2.1 117.47 76.18 193.65 OK
r-patched-solaris-x86 0.2.1 274.30 OK
r-release-linux-x86_64 0.2.1 110.67 75.64 186.31 OK
r-release-osx-x86_64 0.2.1 NOTE
r-release-windows-ix86+x86_64 0.2.1 284.00 133.00 417.00 OK
r-oldrel-osx-x86_64 0.2.1 OK
r-oldrel-windows-ix86+x86_64 0.2.1 289.00 123.00 412.00 OK

Check Details

Version: 0.2.1
Check: installed package size
Result: NOTE
     installed size is 6.2Mb
     sub-directories of 1Mb or more:
     libs 5.0Mb
Flavors: r-devel-linux-x86_64-fedora-clang, r-release-osx-x86_64