Last updated on 2024-05-01 16:53:02 CEST.
Flavor | Version | Tinstall | Tcheck | Ttotal | Status | Flags |
---|---|---|---|---|---|---|
r-devel-linux-x86_64-debian-clang | 0.1-2 | 2782.82 | 364.87 | 3147.69 | NOTE | |
r-devel-linux-x86_64-debian-gcc | 0.1-2 | 2562.58 | 453.72 | 3016.30 | NOTE | |
r-devel-linux-x86_64-fedora-clang | 0.1-2 | 3727.59 | NOTE | |||
r-devel-linux-x86_64-fedora-gcc | 0.1-2 | 3229.62 | NOTE | |||
r-devel-windows-x86_64 | 0.1-2 | 1973.00 | 480.00 | 2453.00 | NOTE | |
r-patched-linux-x86_64 | 0.1-2 | 2192.17 | 588.77 | 2780.94 | NOTE | |
r-release-linux-x86_64 | 0.1-2 | 0.10 | 3.88 | 3.98 | ERROR | |
r-release-macos-arm64 | 0.1-2 | 886.00 | NOTE | |||
r-release-macos-x86_64 | 0.1-2 | 863.00 | NOTE | |||
r-release-windows-x86_64 | 0.1-2 | 2018.00 | 455.00 | 2473.00 | NOTE | |
r-oldrel-macos-arm64 | 0.1-2 | 876.00 | NOTE | |||
r-oldrel-macos-x86_64 | 0.1-2 | 830.00 | NOTE | |||
r-oldrel-windows-x86_64 | 0.1-2 | 2650.00 | 582.00 | 3232.00 | NOTE |
Version: 0.1-2
Check: for GNU extensions in Makefiles
Result: NOTE
GNU make is a SystemRequirements.
Flavors: r-devel-linux-x86_64-debian-clang, r-devel-linux-x86_64-debian-gcc, r-devel-linux-x86_64-fedora-clang, r-devel-linux-x86_64-fedora-gcc, r-devel-windows-x86_64, r-patched-linux-x86_64, r-release-macos-arm64, r-release-macos-x86_64, r-release-windows-x86_64, r-oldrel-macos-arm64, r-oldrel-macos-x86_64, r-oldrel-windows-x86_64
Version: 0.1-2
Check: installed package size
Result: NOTE
installed size is 20.4Mb
sub-directories of 1Mb or more:
libs 19.6Mb
Flavors: r-devel-linux-x86_64-fedora-clang, r-devel-windows-x86_64, r-release-macos-arm64, r-release-macos-x86_64, r-release-windows-x86_64, r-oldrel-macos-arm64, r-oldrel-macos-x86_64, r-oldrel-windows-x86_64
Version: 0.1-2
Check: dependencies in R code
Result: NOTE
Namespaces in Imports field not imported from:
‘RcppParallel’ ‘rstantools’
All declared Imports should be used.
Flavors: r-devel-linux-x86_64-fedora-clang, r-devel-linux-x86_64-fedora-gcc
Version: 0.1-2
Check: whether package can be installed
Result: ERROR
Installation failed.
Flavor: r-release-linux-x86_64