CRAN Package Check Results for Package networktree

Last updated on 2025-01-19 05:49:15 CET.

Flavor Version Tinstall Tcheck Ttotal Status Flags
r-devel-linux-x86_64-debian-clang 1.0.1 7.80 59.41 67.21 NOTE
r-devel-linux-x86_64-debian-gcc 1.0.1 6.47 44.45 50.92 NOTE
r-devel-linux-x86_64-fedora-clang 1.0.1 109.28 NOTE
r-devel-linux-x86_64-fedora-gcc 1.0.1 106.08 NOTE
r-devel-windows-x86_64 1.0.1 9.00 73.00 82.00 NOTE
r-patched-linux-x86_64 1.0.1 7.48 55.45 62.93 NOTE
r-release-linux-x86_64 1.0.1 7.56 56.28 63.84 NOTE
r-release-macos-arm64 1.0.1 38.00 NOTE
r-release-macos-x86_64 1.0.1 53.00 NOTE
r-release-windows-x86_64 1.0.1 10.00 75.00 85.00 NOTE
r-oldrel-macos-arm64 1.0.1 39.00 OK
r-oldrel-macos-x86_64 1.0.1 57.00 OK
r-oldrel-windows-x86_64 1.0.1 12.00 85.00 97.00 OK

Check Details

Version: 1.0.1
Check: Rd files
Result: NOTE checkRd: (-1) networktree.Rd:56: Lost braces; missing escapes or markup? 56 | with a matrix response {y}. \code{x1} and \code{x2} are used as | ^ Flavors: r-devel-linux-x86_64-debian-clang, r-devel-linux-x86_64-debian-gcc, r-devel-linux-x86_64-fedora-clang, r-devel-linux-x86_64-fedora-gcc, r-devel-windows-x86_64, r-patched-linux-x86_64, r-release-linux-x86_64, r-release-macos-arm64, r-release-macos-x86_64, r-release-windows-x86_64