Last updated on 2025-01-19 05:49:15 CET.
Flavor | Version | Tinstall | Tcheck | Ttotal | Status | Flags |
---|---|---|---|---|---|---|
r-devel-linux-x86_64-debian-clang | 0.9.0 | 4.40 | 29.75 | 34.15 | NOTE | |
r-devel-linux-x86_64-debian-gcc | 0.9.0 | 3.25 | 23.76 | 27.01 | NOTE | |
r-devel-linux-x86_64-fedora-clang | 0.9.0 | 58.49 | OK | |||
r-devel-linux-x86_64-fedora-gcc | 0.9.0 | 72.21 | OK | |||
r-devel-windows-x86_64 | 0.9.0 | 6.00 | 61.00 | 67.00 | NOTE | |
r-patched-linux-x86_64 | 0.9.0 | 7.86 | 28.50 | 36.36 | OK | |
r-release-linux-x86_64 | 0.9.0 | 4.74 | 28.60 | 33.34 | OK | |
r-release-macos-arm64 | 0.9.0 | 32.00 | OK | |||
r-release-macos-x86_64 | 0.9.0 | 44.00 | OK | |||
r-release-windows-x86_64 | 0.9.0 | 7.00 | 63.00 | 70.00 | OK | |
r-oldrel-macos-arm64 | 0.9.0 | 32.00 | OK | |||
r-oldrel-macos-x86_64 | 0.9.0 | 42.00 | OK | |||
r-oldrel-windows-x86_64 | 0.9.0 | 8.00 | 61.00 | 69.00 | OK |
Version: 0.9.0
Check: Rd cross-references
Result: NOTE
Found the following Rd file(s) with Rd \link{} targets missing package
anchors:
bucketlist.Rd: bucket_list_df
get_hcp_file.Rd: VERB
Please provide package anchors for all Rd \link{} targets not in the
package itself and the base packages.
Flavors: r-devel-linux-x86_64-debian-clang, r-devel-linux-x86_64-debian-gcc, r-devel-windows-x86_64