Last updated on 2025-01-19 05:49:15 CET.
Flavor | Version | Tinstall | Tcheck | Ttotal | Status | Flags |
---|---|---|---|---|---|---|
r-devel-linux-x86_64-debian-clang | 0.0.6 | 32.42 | 150.12 | 182.54 | OK | |
r-devel-linux-x86_64-debian-gcc | 0.0.6 | 20.64 | 104.09 | 124.73 | OK | |
r-devel-linux-x86_64-fedora-clang | 0.0.6 | 315.15 | NOTE | |||
r-devel-linux-x86_64-fedora-gcc | 0.0.6 | 302.74 | NOTE | |||
r-devel-windows-x86_64 | 0.0.6 | 40.00 | 194.00 | 234.00 | OK | |
r-patched-linux-x86_64 | 0.0.6 | 33.17 | 139.31 | 172.48 | OK | |
r-release-linux-x86_64 | 0.0.6 | 30.79 | 137.09 | 167.88 | OK | |
r-release-macos-arm64 | 0.0.6 | 85.00 | OK | |||
r-release-macos-x86_64 | 0.0.6 | 248.00 | OK | |||
r-release-windows-x86_64 | 0.0.6 | 39.00 | 194.00 | 233.00 | OK | |
r-oldrel-macos-arm64 | 0.0.6 | 88.00 | OK | |||
r-oldrel-macos-x86_64 | 0.0.6 | 151.00 | OK | |||
r-oldrel-windows-x86_64 | 0.0.6 | 40.00 | 236.00 | 276.00 | OK |
Version: 0.0.6
Check: compiled code
Result: NOTE
File ‘neuroim/libs/neuroim.so’:
Found no calls to: ‘R_registerRoutines’, ‘R_useDynamicSymbols’
It is good practice to register native routines and to disable symbol
search.
See ‘Writing portable packages’ in the ‘Writing R Extensions’ manual.
Flavors: r-devel-linux-x86_64-fedora-clang, r-devel-linux-x86_64-fedora-gcc