Last updated on 2025-01-19 05:49:15 CET.
Flavor | Version | Tinstall | Tcheck | Ttotal | Status | Flags |
---|---|---|---|---|---|---|
r-devel-linux-x86_64-debian-clang | 2.1 | 4.41 | 38.54 | 42.95 | OK | |
r-devel-linux-x86_64-debian-gcc | 2.1 | 3.05 | 29.47 | 32.52 | OK | |
r-devel-linux-x86_64-fedora-clang | 2.1 | 69.38 | NOTE | |||
r-devel-linux-x86_64-fedora-gcc | 2.1 | 77.74 | NOTE | |||
r-devel-windows-x86_64 | 2.1 | 6.00 | 69.00 | 75.00 | OK | |
r-patched-linux-x86_64 | 2.1 | 3.81 | 36.63 | 40.44 | OK | |
r-release-linux-x86_64 | 2.1 | 4.07 | 36.02 | 40.09 | OK | |
r-release-macos-arm64 | 2.1 | 48.00 | OK | |||
r-release-macos-x86_64 | 2.1 | 75.00 | OK | |||
r-release-windows-x86_64 | 2.1 | 7.00 | 68.00 | 75.00 | OK | |
r-oldrel-macos-arm64 | 2.1 | 55.00 | OK | |||
r-oldrel-macos-x86_64 | 2.1 | 71.00 | OK | |||
r-oldrel-windows-x86_64 | 2.1 | 7.00 | 74.00 | 81.00 | OK |
Version: 2.1
Check: dependencies in R code
Result: NOTE
Namespaces in Imports field not imported from:
‘quickcode’ ‘utils’
All declared Imports should be used.
Flavors: r-devel-linux-x86_64-fedora-clang, r-devel-linux-x86_64-fedora-gcc