Last updated on 2025-01-19 05:49:15 CET.
Flavor | Version | Tinstall | Tcheck | Ttotal | Status | Flags |
---|---|---|---|---|---|---|
r-devel-linux-x86_64-debian-clang | 1.2.0 | 6.90 | 77.38 | 84.28 | NOTE | |
r-devel-linux-x86_64-debian-gcc | 1.2.0 | 4.53 | 54.59 | 59.12 | NOTE | |
r-devel-linux-x86_64-fedora-clang | 1.2.0 | 138.83 | NOTE | |||
r-devel-linux-x86_64-fedora-gcc | 1.2.0 | 127.88 | NOTE | |||
r-devel-windows-x86_64 | 1.2.0 | 9.00 | 89.00 | 98.00 | NOTE | |
r-patched-linux-x86_64 | 1.2.0 | 7.09 | 71.27 | 78.36 | NOTE | |
r-release-linux-x86_64 | 1.2.0 | 5.77 | 71.59 | 77.36 | NOTE | |
r-release-macos-arm64 | 1.2.0 | 41.00 | NOTE | |||
r-release-macos-x86_64 | 1.2.0 | 104.00 | NOTE | |||
r-release-windows-x86_64 | 1.2.0 | 9.00 | 100.00 | 109.00 | NOTE | |
r-oldrel-macos-arm64 | 1.2.0 | 47.00 | OK | |||
r-oldrel-macos-x86_64 | 1.2.0 | 69.00 | OK | |||
r-oldrel-windows-x86_64 | 1.2.0 | 7.00 | 109.00 | 116.00 | OK |
Version: 1.2.0
Check: Rd files
Result: NOTE
checkRd: (-1) load_schedules.Rd:27: Lost braces in \itemize; \value handles \item{}{} directly
checkRd: (-1) load_schedules.Rd:28: Lost braces in \itemize; \value handles \item{}{} directly
checkRd: (-1) load_schedules.Rd:29: Lost braces in \itemize; \value handles \item{}{} directly
checkRd: (-1) load_schedules.Rd:30: Lost braces in \itemize; \value handles \item{}{} directly
checkRd: (-1) load_schedules.Rd:31: Lost braces in \itemize; \value handles \item{}{} directly
checkRd: (-1) load_schedules.Rd:60: Lost braces in \itemize; \value handles \item{}{} directly
checkRd: (-1) load_schedules.Rd:61: Lost braces in \itemize; \value handles \item{}{} directly
checkRd: (-1) load_schedules.Rd:62: Lost braces in \itemize; \value handles \item{}{} directly
checkRd: (-1) load_schedules.Rd:63: Lost braces in \itemize; \value handles \item{}{} directly
Flavors: r-devel-linux-x86_64-debian-clang, r-devel-linux-x86_64-debian-gcc, r-devel-linux-x86_64-fedora-clang, r-devel-linux-x86_64-fedora-gcc, r-devel-windows-x86_64, r-patched-linux-x86_64, r-release-linux-x86_64, r-release-macos-arm64, r-release-macos-x86_64, r-release-windows-x86_64