CRAN Package Check Results for Package nhdplusTools

Last updated on 2025-01-19 05:49:15 CET.

Flavor Version Tinstall Tcheck Ttotal Status Flags
r-devel-linux-x86_64-debian-clang 1.3.0 14.45 198.73 213.18 OK
r-devel-linux-x86_64-debian-gcc 1.3.0 10.91 138.12 149.03 OK
r-devel-linux-x86_64-fedora-clang 1.3.0 338.61 OK
r-devel-linux-x86_64-fedora-gcc 1.3.0 330.77 OK
r-devel-windows-x86_64 1.3.0 18.00 188.00 206.00 OK
r-patched-linux-x86_64 1.3.0 13.66 183.04 196.70 OK
r-release-linux-x86_64 1.3.0 13.12 183.20 196.32 OK
r-release-macos-arm64 1.3.0 98.00 NOTE
r-release-macos-x86_64 1.3.0 171.00 NOTE
r-release-windows-x86_64 1.3.0 17.00 185.00 202.00 NOTE
r-oldrel-macos-arm64 1.3.0 102.00 NOTE
r-oldrel-macos-x86_64 1.3.0 187.00 NOTE
r-oldrel-windows-x86_64 1.3.0 19.00 229.00 248.00 NOTE

Check Details

Version: 1.3.0
Check: installed package size
Result: NOTE installed size is 6.5Mb sub-directories of 1Mb or more: data 1.6Mb doc 4.2Mb Flavors: r-release-macos-arm64, r-release-macos-x86_64, r-release-windows-x86_64, r-oldrel-macos-arm64, r-oldrel-macos-x86_64, r-oldrel-windows-x86_64