Last updated on 2024-04-21 13:55:39 CEST.
Flavor | Version | Tinstall | Tcheck | Ttotal | Status | Flags |
---|---|---|---|---|---|---|
r-devel-linux-x86_64-debian-clang | 1.0.0 | 15.69 | 242.06 | 257.75 | NOTE | |
r-devel-linux-x86_64-debian-gcc | 1.0.0 | 11.96 | 181.14 | 193.10 | NOTE | |
r-devel-linux-x86_64-fedora-clang | 1.0.0 | 308.98 | NOTE | |||
r-devel-linux-x86_64-fedora-gcc | 1.0.0 | 318.21 | NOTE | |||
r-prerel-macos-arm64 | 1.0.0 | 94.00 | NOTE | |||
r-prerel-windows-x86_64 | 1.0.0 | 15.00 | 185.00 | 200.00 | NOTE | |
r-patched-linux-x86_64 | 1.0.0 | 10.73 | 231.89 | 242.62 | NOTE | |
r-release-linux-x86_64 | 1.0.0 | 10.94 | 232.66 | 243.60 | OK | |
r-release-macos-arm64 | 1.0.0 | 92.00 | OK | |||
r-release-macos-x86_64 | 1.0.0 | 204.00 | OK | |||
r-release-windows-x86_64 | 1.0.0 | 18.00 | 230.00 | 248.00 | OK | |
r-oldrel-macos-arm64 | 1.0.0 | 119.00 | OK | |||
r-oldrel-windows-x86_64 | 1.0.0 | 20.00 | 219.00 | 239.00 | OK |
Version: 1.0.0
Check: Rd files
Result: NOTE
checkRd: (-1) get_huc.Rd:25: Lost braces
25 | See /link{download_nhdplusv2} for documentation of that dataset.}
| ^
checkRd: (-1) get_huc12.Rd:15: Lost braces
15 | See /link{download_nhdplusv2} for documentation of that dataset.}
| ^
Flavors: r-devel-linux-x86_64-debian-clang, r-devel-linux-x86_64-debian-gcc, r-devel-linux-x86_64-fedora-clang, r-devel-linux-x86_64-fedora-gcc, r-prerel-macos-arm64, r-prerel-windows-x86_64, r-patched-linux-x86_64