CRAN Package Check Results for Package nhlapi

Last updated on 2025-01-19 05:49:15 CET.

Flavor Version Tinstall Tcheck Ttotal Status Flags
r-devel-linux-x86_64-debian-clang 0.1.4 3.38 41.97 45.35 OK
r-devel-linux-x86_64-debian-gcc 0.1.4 2.68 31.84 34.52 OK
r-devel-linux-x86_64-fedora-clang 0.1.4 78.48 OK
r-devel-linux-x86_64-fedora-gcc 0.1.4 107.30 OK
r-devel-windows-x86_64 0.1.4 5.00 101.00 106.00 OK
r-patched-linux-x86_64 0.1.4 4.71 39.58 44.29 NOTE
r-release-linux-x86_64 0.1.4 3.47 40.10 43.57 NOTE
r-release-macos-arm64 0.1.4 57.00 NOTE
r-release-macos-x86_64 0.1.4 98.00 NOTE
r-release-windows-x86_64 0.1.4 5.00 96.00 101.00 NOTE
r-oldrel-macos-arm64 0.1.4 43.00 NOTE
r-oldrel-macos-x86_64 0.1.4 83.00 NOTE
r-oldrel-windows-x86_64 0.1.4 5.00 99.00 104.00 NOTE

Check Details

Version: 0.1.4
Check: LazyData
Result: NOTE 'LazyData' is specified without a 'data' directory Flavors: r-patched-linux-x86_64, r-release-linux-x86_64, r-release-macos-arm64, r-release-macos-x86_64, r-release-windows-x86_64, r-oldrel-macos-arm64, r-oldrel-macos-x86_64, r-oldrel-windows-x86_64