CRAN Package Check Results for Package nhm

Last updated on 2025-01-19 05:49:15 CET.

Flavor Version Tinstall Tcheck Ttotal Status Flags
r-devel-linux-x86_64-debian-clang 0.1.1 6.26 49.67 55.93 NOTE
r-devel-linux-x86_64-debian-gcc 0.1.1 4.37 35.57 39.94 NOTE
r-devel-linux-x86_64-fedora-clang 0.1.1 95.03 OK
r-devel-linux-x86_64-fedora-gcc 0.1.1 103.00 OK
r-devel-windows-x86_64 0.1.1 9.00 81.00 90.00 NOTE
r-patched-linux-x86_64 0.1.1 8.41 47.16 55.57 OK
r-release-linux-x86_64 0.1.1 6.16 46.58 52.74 OK
r-release-macos-arm64 0.1.1 33.00 OK
r-release-macos-x86_64 0.1.1 52.00 OK
r-release-windows-x86_64 0.1.1 11.00 85.00 96.00 OK
r-oldrel-macos-arm64 0.1.1 36.00 OK
r-oldrel-macos-x86_64 0.1.1 82.00 OK
r-oldrel-windows-x86_64 0.1.1 11.00 87.00 98.00 OK

Check Details

Version: 0.1.1
Check: Rd cross-references
Result: NOTE Found the following Rd file(s) with Rd \link{} targets missing package anchors: nhm.control.Rd: maxLik Please provide package anchors for all Rd \link{} targets not in the package itself and the base packages. Flavors: r-devel-linux-x86_64-debian-clang, r-devel-linux-x86_64-debian-gcc, r-devel-windows-x86_64