Last updated on 2025-01-19 05:49:15 CET.
Flavor | Version | Tinstall | Tcheck | Ttotal | Status | Flags |
---|---|---|---|---|---|---|
r-devel-linux-x86_64-debian-clang | 0.6.2 | 5.41 | 47.37 | 52.78 | OK | |
r-devel-linux-x86_64-debian-gcc | 0.6.2 | 3.60 | 34.14 | 37.74 | OK | |
r-devel-linux-x86_64-fedora-clang | 0.6.2 | 89.00 | OK | |||
r-devel-linux-x86_64-fedora-gcc | 0.6.2 | 83.18 | OK | |||
r-devel-windows-x86_64 | 0.6.2 | 7.00 | 69.00 | 76.00 | OK | |
r-patched-linux-x86_64 | 0.6.2 | 5.39 | 44.04 | 49.43 | NOTE | |
r-release-linux-x86_64 | 0.6.2 | 4.92 | 43.71 | 48.63 | NOTE | |
r-release-macos-arm64 | 0.6.2 | 25.00 | NOTE | |||
r-release-macos-x86_64 | 0.6.2 | 45.00 | NOTE | |||
r-release-windows-x86_64 | 0.6.2 | 8.00 | 67.00 | 75.00 | NOTE | |
r-oldrel-macos-arm64 | 0.6.2 | 28.00 | NOTE | |||
r-oldrel-macos-x86_64 | 0.6.2 | 40.00 | NOTE | |||
r-oldrel-windows-x86_64 | 0.6.2 | 7.00 | 76.00 | 83.00 | NOTE |
Version: 0.6.2
Check: LazyData
Result: NOTE
'LazyData' is specified without a 'data' directory
Flavors: r-patched-linux-x86_64, r-release-linux-x86_64, r-release-macos-arm64, r-release-macos-x86_64, r-release-windows-x86_64, r-oldrel-macos-arm64, r-oldrel-macos-x86_64, r-oldrel-windows-x86_64