Last updated on 2025-01-19 05:49:15 CET.
Flavor | Version | Tinstall | Tcheck | Ttotal | Status | Flags |
---|---|---|---|---|---|---|
r-devel-linux-x86_64-debian-clang | 1.3.0 | 425.65 | 264.22 | 689.87 | OK | |
r-devel-linux-x86_64-debian-gcc | 1.3.0 | 280.90 | 186.62 | 467.52 | OK | |
r-devel-linux-x86_64-fedora-clang | 1.3.0 | 1346.38 | OK | |||
r-devel-linux-x86_64-fedora-gcc | 1.3.0 | 1261.35 | OK | |||
r-devel-windows-x86_64 | 1.3.0 | 480.00 | 297.00 | 777.00 | OK | |
r-patched-linux-x86_64 | 1.3.0 | 419.94 | 265.11 | 685.05 | OK | |
r-release-linux-x86_64 | 1.3.0 | 422.14 | 262.85 | 684.99 | OK | |
r-release-macos-arm64 | 1.3.0 | 237.00 | NOTE | |||
r-release-macos-x86_64 | 1.3.0 | 593.00 | NOTE | |||
r-release-windows-x86_64 | 1.3.0 | 490.00 | 283.00 | 773.00 | NOTE | |
r-oldrel-macos-arm64 | 1.3.0 | 234.00 | NOTE | |||
r-oldrel-macos-x86_64 | 1.3.0 | 532.00 | NOTE | |||
r-oldrel-windows-x86_64 | 1.3.0 | 543.00 | 338.00 | 881.00 | NOTE |
Version: 1.3.0
Check: installed package size
Result: NOTE
installed size is 44.3Mb
sub-directories of 1Mb or more:
CppCode 3.5Mb
R 9.1Mb
classic-bugs 1.5Mb
include 11.5Mb
libs 17.9Mb
Flavors: r-release-macos-arm64, r-release-macos-x86_64, r-release-windows-x86_64, r-oldrel-macos-arm64, r-oldrel-macos-x86_64, r-oldrel-windows-x86_64