Last updated on 2025-01-19 05:49:15 CET.
Flavor | Version | Tinstall | Tcheck | Ttotal | Status | Flags |
---|---|---|---|---|---|---|
r-devel-linux-x86_64-debian-clang | 0.5 | 9.77 | 74.06 | 83.83 | NOTE | |
r-devel-linux-x86_64-debian-gcc | 0.5 | 6.88 | 56.39 | 63.27 | NOTE | |
r-devel-linux-x86_64-fedora-clang | 0.5 | 139.18 | OK | |||
r-devel-linux-x86_64-fedora-gcc | 0.5 | 130.62 | OK | |||
r-devel-windows-x86_64 | 0.5 | 10.00 | 83.00 | 93.00 | NOTE | |
r-patched-linux-x86_64 | 0.5 | 11.87 | 69.61 | 81.48 | OK | |
r-release-linux-x86_64 | 0.5 | 9.08 | 69.98 | 79.06 | OK | |
r-release-macos-arm64 | 0.5 | 36.00 | OK | |||
r-release-macos-x86_64 | 0.5 | 58.00 | OK | |||
r-release-windows-x86_64 | 0.5 | 10.00 | 86.00 | 96.00 | OK | |
r-oldrel-macos-arm64 | 0.5 | 45.00 | OK | |||
r-oldrel-macos-x86_64 | 0.5 | 83.00 | OK | |||
r-oldrel-windows-x86_64 | 0.5 | 11.00 | 100.00 | 111.00 | OK |
Version: 0.5
Check: Rd cross-references
Result: NOTE
Found the following Rd file(s) with Rd \link{} targets missing package
anchors:
nicqControl.Rd: bpcp, quantile.kmciLR
nicqTest.Rd: bpcp, quantile.kmciLR
powerNicqTest.Rd: uniroot.integer
Please provide package anchors for all Rd \link{} targets not in the
package itself and the base packages.
Flavors: r-devel-linux-x86_64-debian-clang, r-devel-linux-x86_64-debian-gcc, r-devel-windows-x86_64