Last updated on 2024-04-24 19:55:15 CEST.
Flavor | Version | Tinstall | Tcheck | Ttotal | Status | Flags |
---|---|---|---|---|---|---|
r-devel-linux-x86_64-debian-clang | 0.3.5 | 2.27 | 2.27 | ERROR | ||
r-devel-linux-x86_64-debian-gcc | 0.3.5 | 34.80 | 388.23 | 423.03 | NOTE | |
r-devel-linux-x86_64-fedora-clang | 0.3.5 | 733.60 | NOTE | |||
r-devel-linux-x86_64-fedora-gcc | 0.3.5 | 686.48 | NOTE | |||
r-devel-windows-x86_64 | 0.3.5 | 42.00 | 369.00 | 411.00 | NOTE | |
r-patched-linux-x86_64 | 0.3.5 | 38.88 | 515.09 | 553.97 | NOTE | |
r-release-linux-x86_64 | 0.3.5 | 33.57 | 526.53 | 560.10 | OK | |
r-release-macos-arm64 | 0.3.5 | 190.00 | OK | |||
r-release-macos-x86_64 | 0.3.5 | 408.00 | OK | |||
r-release-windows-x86_64 | 0.3.5 | 41.00 | 368.00 | 409.00 | NOTE | |
r-oldrel-macos-arm64 | 0.3.5 | 127.00 | OK | |||
r-oldrel-macos-x86_64 | 0.3.5 | 436.00 | OK | |||
r-oldrel-windows-x86_64 | 0.3.5 | 54.00 | 468.00 | 522.00 | OK |
Version: 0.3.5
Check: package dependencies
Result: ERROR
Package required but not available: ‘MLInterfaces’
See section ‘The DESCRIPTION file’ in the ‘Writing R Extensions’
manual.
Flavor: r-devel-linux-x86_64-debian-clang
Version: 0.3.5
Check: Rd files
Result: NOTE
checkRd: (-1) mcrPlot.Rd:42-44: Lost braces in \itemize; \value handles \item{}{} directly
checkRd: (-1) mcrPlot.Rd:45-47: Lost braces in \itemize; \value handles \item{}{} directly
Flavors: r-devel-linux-x86_64-debian-gcc, r-devel-linux-x86_64-fedora-clang, r-devel-linux-x86_64-fedora-gcc, r-devel-windows-x86_64, r-patched-linux-x86_64, r-release-windows-x86_64