CRAN Package Check Results for Package nleqslv

Last updated on 2019-12-14 12:49:43 CET.

Flavor Version Tinstall Tcheck Ttotal Status Flags
r-devel-linux-x86_64-debian-clang 3.3.2 5.07 28.96 34.03 OK
r-devel-linux-x86_64-debian-gcc 3.3.2 3.90 23.18 27.08 OK
r-devel-linux-x86_64-fedora-clang 3.3.2 43.33 OK
r-devel-linux-x86_64-fedora-gcc 3.3.2 42.63 OK
r-devel-windows-ix86+x86_64 3.3.2 3.00 4.00 7.00 ERROR
r-devel-windows-ix86+x86_64-gcc8 3.3.2 28.00 98.00 126.00 OK
r-patched-linux-x86_64 3.3.2 4.50 27.40 31.90 OK
r-patched-solaris-x86 3.3.2 64.50 OK
r-release-linux-x86_64 3.3.2 4.33 27.17 31.50 OK
r-release-windows-ix86+x86_64 3.3.2 30.00 82.00 112.00 OK
r-release-osx-x86_64 3.3.2 OK
r-oldrel-windows-ix86+x86_64 3.3.2 27.00 56.00 83.00 OK
r-oldrel-osx-x86_64 3.3.2 OK

Check Details

Version: 3.3.2
Check: whether package can be installed
Result: ERROR
    Installation failed.
Flavor: r-devel-windows-ix86+x86_64