Last updated on 2025-01-19 05:49:15 CET.
Flavor | Version | Tinstall | Tcheck | Ttotal | Status | Flags |
---|---|---|---|---|---|---|
r-devel-linux-x86_64-debian-clang | 2.6 | 28.74 | 232.52 | 261.26 | NOTE | |
r-devel-linux-x86_64-debian-gcc | 2.6 | 22.91 | 149.45 | 172.36 | NOTE | |
r-devel-linux-x86_64-fedora-clang | 2.6 | 455.70 | NOTE | |||
r-devel-linux-x86_64-fedora-gcc | 2.6 | 432.57 | NOTE | |||
r-devel-windows-x86_64 | 2.6 | 33.00 | 226.00 | 259.00 | NOTE | |
r-patched-linux-x86_64 | 2.6 | 25.93 | 215.85 | 241.78 | NOTE | |
r-release-linux-x86_64 | 2.6 | 28.75 | 217.03 | 245.78 | NOTE | |
r-release-macos-arm64 | 2.6 | 97.00 | NOTE | |||
r-release-macos-x86_64 | 2.6 | 153.00 | NOTE | |||
r-release-windows-x86_64 | 2.6 | 34.00 | 229.00 | 263.00 | NOTE | |
r-oldrel-macos-arm64 | 2.6 | 114.00 | NOTE | |||
r-oldrel-macos-x86_64 | 2.6 | 194.00 | NOTE | |||
r-oldrel-windows-x86_64 | 2.6 | 42.00 | 306.00 | 348.00 | NOTE |
Version: 2.6
Check: C++ specification
Result: NOTE
Specified C++11: please drop specification unless essential
Flavors: r-devel-linux-x86_64-debian-clang, r-devel-linux-x86_64-debian-gcc, r-devel-linux-x86_64-fedora-clang, r-devel-linux-x86_64-fedora-gcc, r-devel-windows-x86_64, r-patched-linux-x86_64, r-release-linux-x86_64, r-release-macos-arm64, r-release-macos-x86_64, r-release-windows-x86_64, r-oldrel-macos-arm64, r-oldrel-macos-x86_64, r-oldrel-windows-x86_64