CRAN Package Check Results for Package nlmm

Last updated on 2025-01-19 05:49:15 CET.

Flavor Version Tinstall Tcheck Ttotal Status Flags
r-devel-linux-x86_64-debian-clang 1.1.0 26.61 83.37 109.98 NOTE
r-devel-linux-x86_64-debian-gcc 1.1.0 19.40 62.71 82.11 NOTE
r-devel-linux-x86_64-fedora-clang 1.1.0 184.40 OK
r-devel-linux-x86_64-fedora-gcc 1.1.0 181.49 OK
r-devel-windows-x86_64 1.1.0 29.00 108.00 137.00 NOTE
r-patched-linux-x86_64 1.1.0 27.07 77.39 104.46 OK
r-release-linux-x86_64 1.1.0 26.36 77.06 103.42 OK
r-release-macos-arm64 1.1.0 48.00 OK
r-release-macos-x86_64 1.1.0 71.00 OK
r-release-windows-x86_64 1.1.0 28.00 115.00 143.00 OK
r-oldrel-macos-arm64 1.1.0 59.00 OK
r-oldrel-macos-x86_64 1.1.0 118.00 OK
r-oldrel-windows-x86_64 1.1.0 31.00 139.00 170.00 OK

Check Details

Version: 1.1.0
Check: Rd cross-references
Result: NOTE Found the following Rd file(s) with Rd \link{} targets missing package anchors: generate.data.Rd: rmvnorm, rmvt nlmm.Rd: varFunc, varFixed, varClasses, summary.varFunc, varWeights.varFunc, coef.varFunc nlmmControl.Rd: lme, lmeControl Please provide package anchors for all Rd \link{} targets not in the package itself and the base packages. Flavors: r-devel-linux-x86_64-debian-clang, r-devel-linux-x86_64-debian-gcc, r-devel-windows-x86_64