Last updated on 2024-03-27 20:50:03 CET.
Flavor | Version | Tinstall | Tcheck | Ttotal | Status | Flags |
---|---|---|---|---|---|---|
r-devel-linux-x86_64-debian-clang | 2016.3.2 | 2.78 | 45.53 | 48.31 | NOTE | |
r-devel-linux-x86_64-debian-gcc | 2016.3.2 | 2.81 | 34.90 | 37.71 | NOTE | |
r-devel-linux-x86_64-fedora-clang | 2016.3.2 | 62.59 | NOTE | |||
r-devel-linux-x86_64-fedora-gcc | 2016.3.2 | 75.11 | NOTE | |||
r-devel-windows-x86_64 | 2016.3.2 | 4.00 | 70.00 | 74.00 | OK | |
r-patched-linux-x86_64 | 2016.3.2 | 3.98 | 44.32 | 48.30 | NOTE | |
r-release-linux-x86_64 | 2016.3.2 | 3.35 | 44.94 | 48.29 | NOTE | |
r-release-macos-arm64 | 2016.3.2 | 30.00 | OK | |||
r-release-macos-x86_64 | 2016.3.2 | 46.00 | OK | |||
r-release-windows-x86_64 | 2016.3.2 | 4.00 | 67.00 | 71.00 | OK | |
r-oldrel-macos-arm64 | 2016.3.2 | 29.00 | OK | |||
r-oldrel-windows-x86_64 | 2016.3.2 | 6.00 | 73.00 | 79.00 | OK |
Version: 2016.3.2
Check: package dependencies
Result: NOTE
Packages suggested but not available for checking: 'Rvmmin', 'Rcgmin'
Flavors: r-devel-linux-x86_64-debian-clang, r-devel-linux-x86_64-debian-gcc, r-devel-linux-x86_64-fedora-clang, r-devel-linux-x86_64-fedora-gcc, r-patched-linux-x86_64, r-release-linux-x86_64