CRAN Package Check Results for Package nlpsem

Last updated on 2025-01-19 05:49:15 CET.

Flavor Version Tinstall Tcheck Ttotal Status Flags
r-devel-linux-x86_64-debian-clang 0.3 58.26 324.05 382.31 OK
r-devel-linux-x86_64-debian-gcc 0.3 33.81 209.12 242.93 OK
r-devel-linux-x86_64-fedora-clang 0.3 651.30 OK
r-devel-linux-x86_64-fedora-gcc 0.3 602.42 OK
r-devel-windows-x86_64 0.3 56.00 270.00 326.00 OK
r-patched-linux-x86_64 0.3 54.61 293.72 348.33 OK
r-release-linux-x86_64 0.3 54.54 296.74 351.28 OK
r-release-macos-arm64 0.3 146.00 NOTE
r-release-macos-x86_64 0.3 252.00 NOTE
r-release-windows-x86_64 0.3 53.00 280.00 333.00 NOTE
r-oldrel-macos-arm64 0.3 187.00 NOTE
r-oldrel-macos-x86_64 0.3 316.00 NOTE
r-oldrel-windows-x86_64 0.3 53.00 334.00 387.00 NOTE

Check Details

Version: 0.3
Check: installed package size
Result: NOTE installed size is 6.2Mb sub-directories of 1Mb or more: doc 1.2Mb extdata 3.7Mb Flavors: r-release-macos-arm64, r-release-macos-x86_64, r-release-windows-x86_64, r-oldrel-macos-arm64, r-oldrel-macos-x86_64, r-oldrel-windows-x86_64