Last updated on 2024-03-28 14:48:35 CET.
Flavor | Version | Tinstall | Tcheck | Ttotal | Status | Flags |
---|---|---|---|---|---|---|
r-devel-linux-x86_64-debian-clang | 1.1.0 | 3.31 | 39.73 | 43.04 | NOTE | |
r-devel-linux-x86_64-debian-gcc | 1.1.0 | 2.45 | 30.82 | 33.27 | NOTE | |
r-devel-linux-x86_64-fedora-clang | 1.1.0 | 81.26 | OK | |||
r-devel-linux-x86_64-fedora-gcc | 1.1.0 | 93.02 | OK | |||
r-devel-windows-x86_64 | 1.1.0 | 4.00 | 86.00 | 90.00 | OK | |
r-patched-linux-x86_64 | 1.1.0 | 3.24 | 38.66 | 41.90 | NOTE | |
r-release-linux-x86_64 | 1.1.0 | 2.60 | 36.19 | 38.79 | NOTE | |
r-release-macos-arm64 | 1.1.0 | 28.00 | NOTE | |||
r-release-macos-x86_64 | 1.1.0 | 42.00 | NOTE | |||
r-release-windows-x86_64 | 1.1.0 | 4.00 | 66.00 | 70.00 | NOTE | |
r-oldrel-macos-arm64 | 1.1.0 | 23.00 | NOTE | |||
r-oldrel-windows-x86_64 | 1.1.0 | 5.00 | 72.00 | 77.00 | NOTE |
Version: 1.1.0
Check: package dependencies
Result: NOTE
Package suggested but not available for checking: ‘INLA’
Flavors: r-devel-linux-x86_64-debian-clang, r-devel-linux-x86_64-debian-gcc, r-patched-linux-x86_64, r-release-linux-x86_64, r-release-macos-arm64, r-release-macos-x86_64, r-release-windows-x86_64, r-oldrel-macos-arm64, r-oldrel-windows-x86_64