CRAN Package Check Results for Package nmadb

Last updated on 2020-09-21 12:56:17 CEST.

Flavor Version Tinstall Tcheck Ttotal Status Flags
r-devel-linux-x86_64-debian-clang 1.2.0 2.12 31.06 33.18 OK
r-devel-linux-x86_64-debian-gcc 1.2.0 1.61 23.98 25.59 OK
r-devel-linux-x86_64-fedora-clang 1.2.0 49.07 NOTE
r-devel-linux-x86_64-fedora-gcc 1.2.0 41.86 NOTE
r-devel-windows-ix86+x86_64 1.2.0 7.00 47.00 54.00 OK
r-patched-linux-x86_64 1.2.0 2.35 31.17 33.52 OK
r-patched-solaris-x86 1.2.0 61.00 NOTE
r-release-linux-x86_64 1.2.0 2.24 30.92 33.16 OK
r-release-macos-x86_64 1.2.0 NOTE
r-release-windows-ix86+x86_64 1.2.0 6.00 57.00 63.00 OK
r-oldrel-macos-x86_64 1.2.0 NOTE
r-oldrel-windows-ix86+x86_64 1.2.0 3.00 52.00 55.00 OK

Check Details

Version: 1.2.0
Check: dependencies in R code
Result: NOTE
    Namespaces in Imports field not imported from:
     ‘devtools’ ‘jsonlite’
     All declared Imports should be used.
Flavors: r-devel-linux-x86_64-fedora-clang, r-devel-linux-x86_64-fedora-gcc, r-patched-solaris-x86, r-release-macos-x86_64, r-oldrel-macos-x86_64