Last updated on 2025-01-19 05:49:15 CET.
Flavor | Version | Tinstall | Tcheck | Ttotal | Status | Flags |
---|---|---|---|---|---|---|
r-devel-linux-x86_64-debian-clang | 1.0.2 | 3.72 | 67.25 | 70.97 | OK | |
r-devel-linux-x86_64-debian-gcc | 1.0.2 | 2.33 | 47.34 | 49.67 | OK | |
r-devel-linux-x86_64-fedora-clang | 1.0.2 | 119.04 | OK | |||
r-devel-linux-x86_64-fedora-gcc | 1.0.2 | 125.73 | OK | |||
r-devel-windows-x86_64 | 1.0.2 | 4.00 | 80.00 | 84.00 | OK | |
r-patched-linux-x86_64 | 1.0.2 | 3.05 | 60.68 | 63.73 | OK | |
r-release-linux-x86_64 | 1.0.2 | 2.78 | 60.56 | 63.34 | OK | |
r-release-macos-arm64 | 1.0.2 | 42.00 | NOTE | |||
r-release-macos-x86_64 | 1.0.2 | 63.00 | NOTE | |||
r-release-windows-x86_64 | 1.0.2 | 7.00 | 81.00 | 88.00 | NOTE | |
r-oldrel-macos-arm64 | 1.0.2 | 44.00 | NOTE | |||
r-oldrel-macos-x86_64 | 1.0.2 | 103.00 | NOTE | |||
r-oldrel-windows-x86_64 | 1.0.2 | 6.00 | 92.00 | 98.00 | NOTE |
Version: 1.0.2
Check: installed package size
Result: NOTE
installed size is 5.7Mb
sub-directories of 1Mb or more:
doc 5.5Mb
Flavors: r-release-macos-arm64, r-release-macos-x86_64, r-release-windows-x86_64, r-oldrel-macos-arm64, r-oldrel-macos-x86_64, r-oldrel-windows-x86_64