Last updated on 2025-01-19 05:49:15 CET.
Flavor | Version | Tinstall | Tcheck | Ttotal | Status | Flags |
---|---|---|---|---|---|---|
r-devel-linux-x86_64-debian-clang | 0.1.2 | 28.31 | 52.36 | 80.67 | NOTE | |
r-devel-linux-x86_64-debian-gcc | 0.1.2 | 21.15 | 39.90 | 61.05 | NOTE | |
r-devel-linux-x86_64-fedora-clang | 0.1.2 | 144.66 | NOTE | |||
r-devel-linux-x86_64-fedora-gcc | 0.1.2 | 159.50 | NOTE | |||
r-devel-windows-x86_64 | 0.1.2 | 31.00 | 96.00 | 127.00 | NOTE | |
r-patched-linux-x86_64 | 0.1.2 | 30.04 | 49.51 | 79.55 | NOTE | |
r-release-linux-x86_64 | 0.1.2 | 28.70 | 49.34 | 78.04 | NOTE | |
r-release-macos-arm64 | 0.1.2 | 60.00 | NOTE | |||
r-release-macos-x86_64 | 0.1.2 | 144.00 | NOTE | |||
r-release-windows-x86_64 | 0.1.2 | 30.00 | 107.00 | 137.00 | NOTE | |
r-oldrel-macos-arm64 | 0.1.2 | 57.00 | NOTE | |||
r-oldrel-macos-x86_64 | 0.1.2 | 135.00 | NOTE | |||
r-oldrel-windows-x86_64 | 0.1.2 | 32.00 | 112.00 | 144.00 | NOTE |
Version: 0.1.2
Check: C++ specification
Result: NOTE
Specified C++14: please drop specification unless essential
Flavors: r-devel-linux-x86_64-debian-clang, r-devel-linux-x86_64-debian-gcc, r-devel-linux-x86_64-fedora-clang, r-devel-linux-x86_64-fedora-gcc, r-devel-windows-x86_64, r-patched-linux-x86_64, r-release-linux-x86_64, r-release-macos-arm64, r-release-macos-x86_64, r-release-windows-x86_64, r-oldrel-macos-arm64, r-oldrel-macos-x86_64, r-oldrel-windows-x86_64