Last updated on 2024-04-17 13:57:36 CEST.
Flavor | Version | Tinstall | Tcheck | Ttotal | Status | Flags |
---|---|---|---|---|---|---|
r-devel-linux-x86_64-debian-clang | 0.4.7 | 7.39 | 70.36 | 77.75 | OK | |
r-devel-linux-x86_64-debian-gcc | 0.4.7 | 6.51 | 53.13 | 59.64 | OK | |
r-devel-linux-x86_64-fedora-clang | 0.4.8 | 96.70 | NOTE | |||
r-devel-linux-x86_64-fedora-gcc | 0.4.8 | 107.99 | OK | |||
r-prerel-macos-arm64 | 0.4.7 | 38.00 | OK | |||
r-prerel-windows-x86_64 | 0.4.7 | 10.00 | 99.00 | 109.00 | OK | |
r-patched-linux-x86_64 | 0.4.7 | 8.56 | 66.01 | 74.57 | OK | |
r-release-linux-x86_64 | 0.4.7 | 7.64 | 65.86 | 73.50 | OK | |
r-release-macos-arm64 | 0.4.7 | 47.00 | OK | |||
r-release-macos-x86_64 | 0.4.8 | 76.00 | OK | |||
r-release-windows-x86_64 | 0.4.7 | 12.00 | 100.00 | 112.00 | OK | |
r-oldrel-macos-arm64 | 0.4.7 | 41.00 | OK | |||
r-oldrel-windows-x86_64 | 0.4.7 | 12.00 | 104.00 | 116.00 | OK |
Version: 0.4.8
Check: Rd cross-references
Result: NOTE
Undeclared package ‘sfheaders’ in Rd xrefs
Flavor: r-devel-linux-x86_64-fedora-clang