CRAN Package Check Results for Package nnlib2Rcpp

Last updated on 2025-01-19 05:49:15 CET.

Flavor Version Tinstall Tcheck Ttotal Status Flags
r-devel-linux-x86_64-debian-clang 0.2.9 100.79 52.48 153.27 OK
r-devel-linux-x86_64-debian-gcc 0.2.9 82.03 39.58 121.61 OK
r-devel-linux-x86_64-fedora-clang 0.2.9 300.14 OK
r-devel-linux-x86_64-fedora-gcc 0.2.9 346.27 OK
r-devel-windows-x86_64 0.2.9 111.00 125.00 236.00 OK
r-patched-linux-x86_64 0.2.9 112.70 50.19 162.89 OK
r-release-linux-x86_64 0.2.9 110.04 49.59 159.63 OK
r-release-macos-arm64 0.2.9 89.00 NOTE
r-release-macos-x86_64 0.2.9 91.00 NOTE
r-release-windows-x86_64 0.2.9 111.00 132.00 243.00 OK
r-oldrel-macos-arm64 0.2.9 78.00 NOTE
r-oldrel-macos-x86_64 0.2.9 94.00 NOTE
r-oldrel-windows-x86_64 0.2.9 117.00 134.00 251.00 OK

Check Details

Version: 0.2.9
Check: installed package size
Result: NOTE installed size is 11.0Mb sub-directories of 1Mb or more: libs 10.4Mb Flavors: r-release-macos-arm64, r-release-macos-x86_64, r-oldrel-macos-arm64, r-oldrel-macos-x86_64