CRAN Package Check Results for Package nnt

Last updated on 2025-01-19 05:49:15 CET.

Flavor Version Tinstall Tcheck Ttotal Status Flags
r-devel-linux-x86_64-debian-clang 0.1.4 6.41 52.04 58.45 OK
r-devel-linux-x86_64-debian-gcc 0.1.4 5.18 41.06 46.24 OK
r-devel-linux-x86_64-fedora-clang 0.1.4 92.87 OK
r-devel-linux-x86_64-fedora-gcc 0.1.4 89.95 OK
r-devel-windows-x86_64 0.1.4 8.00 64.00 72.00 OK
r-patched-linux-x86_64 0.1.4 5.90 48.83 54.73 NOTE
r-release-linux-x86_64 0.1.4 6.38 49.34 55.72 NOTE
r-release-macos-arm64 0.1.4 29.00 NOTE
r-release-macos-x86_64 0.1.4 46.00 NOTE
r-release-windows-x86_64 0.1.4 7.00 67.00 74.00 NOTE
r-oldrel-macos-arm64 0.1.4 33.00 NOTE
r-oldrel-macos-x86_64 0.1.4 51.00 NOTE
r-oldrel-windows-x86_64 0.1.4 9.00 76.00 85.00 NOTE

Check Details

Version: 0.1.4
Check: LazyData
Result: NOTE 'LazyData' is specified without a 'data' directory Flavors: r-patched-linux-x86_64, r-release-linux-x86_64, r-release-macos-arm64, r-release-macos-x86_64, r-release-windows-x86_64, r-oldrel-macos-arm64, r-oldrel-macos-x86_64, r-oldrel-windows-x86_64