CRAN Package Check Results for Package noah

Last updated on 2025-01-19 05:49:15 CET.

Flavor Version Tinstall Tcheck Ttotal Status Flags
r-devel-linux-x86_64-debian-clang 0.1.0 3.33 40.95 44.28 OK
r-devel-linux-x86_64-debian-gcc 0.1.0 2.06 32.01 34.07 OK
r-devel-linux-x86_64-fedora-clang 0.1.0 71.90 NOTE
r-devel-linux-x86_64-fedora-gcc 0.1.0 69.44 NOTE
r-devel-windows-x86_64 0.1.0 5.00 69.00 74.00 OK
r-patched-linux-x86_64 0.1.0 3.33 39.23 42.56 NOTE
r-release-linux-x86_64 0.1.0 3.00 39.17 42.17 NOTE
r-release-macos-arm64 0.1.0 28.00 NOTE
r-release-macos-x86_64 0.1.0 37.00 NOTE
r-release-windows-x86_64 0.1.0 4.00 68.00 72.00 NOTE
r-oldrel-macos-arm64 0.1.0 29.00 NOTE
r-oldrel-macos-x86_64 0.1.0 38.00 NOTE
r-oldrel-windows-x86_64 0.1.0 5.00 73.00 78.00 NOTE

Check Details

Version: 0.1.0
Check: dependencies in R code
Result: NOTE Namespaces in Imports field not imported from: ‘R6’ ‘crayon’ ‘digest’ ‘hash’ All declared Imports should be used. Flavors: r-devel-linux-x86_64-fedora-clang, r-devel-linux-x86_64-fedora-gcc

Version: 0.1.0
Check: LazyData
Result: NOTE 'LazyData' is specified without a 'data' directory Flavors: r-patched-linux-x86_64, r-release-linux-x86_64, r-release-macos-arm64, r-release-macos-x86_64, r-release-windows-x86_64, r-oldrel-macos-arm64, r-oldrel-macos-x86_64, r-oldrel-windows-x86_64