CRAN Package Check Results for Package noctua

Last updated on 2025-01-19 05:49:15 CET.

Flavor Version Tinstall Tcheck Ttotal Status Flags
r-devel-linux-x86_64-debian-clang 2.6.2 7.95 77.72 85.67 NOTE
r-devel-linux-x86_64-debian-gcc 2.6.2 4.70 57.11 61.81 NOTE
r-devel-linux-x86_64-fedora-clang 2.6.2 150.62 NOTE
r-devel-linux-x86_64-fedora-gcc 2.6.2 145.66 NOTE
r-devel-windows-x86_64 2.6.2 11.00 102.00 113.00 NOTE
r-patched-linux-x86_64 2.6.2 13.24 71.60 84.84 NOTE
r-release-linux-x86_64 2.6.2 6.58 69.90 76.48 NOTE
r-release-macos-arm64 2.6.2 52.00 NOTE
r-release-macos-x86_64 2.6.2 70.00 NOTE
r-release-windows-x86_64 2.6.2 9.00 99.00 108.00 NOTE
r-oldrel-macos-arm64 2.6.2 49.00 OK
r-oldrel-macos-x86_64 2.6.2 72.00 OK
r-oldrel-windows-x86_64 2.6.2 11.00 108.00 119.00 OK

Check Details

Version: 2.6.2
Check: Rd files
Result: NOTE checkRd: (-1) dbConnect-AthenaDriver-method.Rd:108-110: Lost braces in \itemize; meant \describe ? checkRd: (-1) dbConnect-AthenaDriver-method.Rd:111-113: Lost braces in \itemize; meant \describe ? checkRd: (-1) dbConnect-AthenaDriver-method.Rd:114-117: Lost braces in \itemize; meant \describe ? checkRd: (-1) dbConnect-AthenaDriver-method.Rd:118-120: Lost braces in \itemize; meant \describe ? checkRd: (-1) dbConnect-AthenaDriver-method.Rd:121-124: Lost braces in \itemize; meant \describe ? checkRd: (-1) dbConnect-AthenaDriver-method.Rd:125: Lost braces in \itemize; meant \describe ? Flavors: r-devel-linux-x86_64-debian-clang, r-devel-linux-x86_64-debian-gcc, r-devel-linux-x86_64-fedora-clang, r-devel-linux-x86_64-fedora-gcc, r-devel-windows-x86_64, r-patched-linux-x86_64, r-release-linux-x86_64, r-release-macos-arm64, r-release-macos-x86_64, r-release-windows-x86_64

Version: 2.6.2
Check: Rd cross-references
Result: NOTE Found the following Rd file(s) with Rd \link{} targets missing package anchors: AthenaConnection.Rd: DBIConnection-class Query.Rd: DBIConnection-class dbClearResult.Rd: DBIResult-class dbColumnInfo.Rd: DBIResult-class dbConnect-AthenaDriver-method.Rd: DBIDriver-class, DBIConnection-class dbDataType.Rd: DBIDriver-class, DBIConnection-class dbDisconnect.Rd: DBIConnection-class dbExistsTable.Rd: DBIConnection-class dbFetch.Rd: DBIResult-class dbGetInfo.Rd: DBIObject-class, DBIDriver-class, DBIConnection-class, DBIResult-class dbGetPartition.Rd: DBIConnection-class dbGetQuery.Rd: DBIConnection-class dbGetStatement.Rd: DBIResult-class dbGetTables.Rd: DBIConnection-class dbHasCompleted.Rd: DBIResult-class dbIsValid.Rd: DBIObject-class, DBIDriver-class, DBIConnection-class, DBIResult-class dbListFields.Rd: DBIConnection-class dbListTables.Rd: DBIConnection-class dbQuote.Rd: DBIConnection-class dbRemoveTable.Rd: DBIConnection-class dbShow.Rd: DBIConnection-class dbStatistics.Rd: dbSendQuery, DBIResult-class Please provide package anchors for all Rd \link{} targets not in the package itself and the base packages. Flavors: r-devel-linux-x86_64-debian-clang, r-devel-linux-x86_64-debian-gcc, r-devel-windows-x86_64