Last updated on 2025-01-19 05:49:15 CET.
Flavor | Version | Tinstall | Tcheck | Ttotal | Status | Flags |
---|---|---|---|---|---|---|
r-devel-linux-x86_64-debian-clang | 3.0 | 10.71 | 87.61 | 98.32 | OK | |
r-devel-linux-x86_64-debian-gcc | 3.0 | 8.46 | 66.29 | 74.75 | OK | |
r-devel-linux-x86_64-fedora-clang | 3.0 | 160.43 | OK | |||
r-devel-linux-x86_64-fedora-gcc | 3.0 | 153.92 | OK | |||
r-devel-windows-x86_64 | 3.0 | 11.00 | 90.00 | 101.00 | OK | |
r-patched-linux-x86_64 | 3.0 | 10.09 | 79.78 | 89.87 | NOTE | |
r-release-linux-x86_64 | 3.0 | 8.90 | 80.92 | 89.82 | NOTE | |
r-release-macos-arm64 | 3.0 | 43.00 | NOTE | |||
r-release-macos-x86_64 | 3.0 | 64.00 | NOTE | |||
r-release-windows-x86_64 | 3.0 | 12.00 | 93.00 | 105.00 | NOTE | |
r-oldrel-macos-arm64 | 3.0 | 52.00 | NOTE | |||
r-oldrel-macos-x86_64 | 3.0 | 78.00 | NOTE | |||
r-oldrel-windows-x86_64 | 3.0 | 15.00 | 105.00 | 120.00 | NOTE |
Version: 3.0
Check: LazyData
Result: NOTE
'LazyData' is specified without a 'data' directory
Flavors: r-patched-linux-x86_64, r-release-linux-x86_64, r-release-macos-arm64, r-release-macos-x86_64, r-release-windows-x86_64, r-oldrel-macos-arm64, r-oldrel-macos-x86_64, r-oldrel-windows-x86_64