CRAN Package Check Results for Package nonparaeff

Last updated on 2025-01-19 05:49:15 CET.

Flavor Version Tinstall Tcheck Ttotal Status Flags
r-devel-linux-x86_64-debian-clang 0.5-13 7.40 57.20 64.60 NOTE
r-devel-linux-x86_64-debian-gcc 0.5-13 5.52 40.45 45.97 NOTE
r-devel-linux-x86_64-fedora-clang 0.5-13 107.05 OK
r-devel-linux-x86_64-fedora-gcc 0.5-13 97.95 OK
r-devel-windows-x86_64 0.5-13 8.00 78.00 86.00 NOTE
r-patched-linux-x86_64 0.5-13 13.80 53.94 67.74 OK
r-release-linux-x86_64 0.5-13 6.97 53.73 60.70 OK
r-release-macos-arm64 0.5-13 35.00 OK
r-release-macos-x86_64 0.5-13 64.00 OK
r-release-windows-x86_64 0.5-13 10.00 84.00 94.00 OK
r-oldrel-macos-arm64 0.5-13 35.00 OK
r-oldrel-macos-x86_64 0.5-13 51.00 OK
r-oldrel-windows-x86_64 0.5-13 11.00 89.00 100.00 OK

Check Details

Version: 0.5-13
Check: Rd cross-references
Result: NOTE Found the following Rd file(s) with Rd \link{} targets missing package anchors: lp2.Rd: lp Please provide package anchors for all Rd \link{} targets not in the package itself and the base packages. Flavors: r-devel-linux-x86_64-debian-clang, r-devel-linux-x86_64-debian-gcc, r-devel-windows-x86_64