Last updated on 2024-05-01 16:53:03 CEST.
Flavor | Version | Tinstall | Tcheck | Ttotal | Status | Flags |
---|---|---|---|---|---|---|
r-devel-linux-x86_64-debian-clang | 0.1.0 | 59.29 | 122.17 | 181.46 | OK | |
r-devel-linux-x86_64-debian-gcc | 0.1.0 | 44.09 | 88.54 | 132.63 | OK | |
r-devel-linux-x86_64-fedora-clang | 0.1.0 | 231.57 | OK | |||
r-devel-linux-x86_64-fedora-gcc | 0.1.0 | 213.47 | OK | |||
r-devel-windows-x86_64 | 0.1.0 | 45.00 | 121.00 | 166.00 | OK | |
r-patched-linux-x86_64 | 0.1.0 | 56.38 | 117.02 | 173.40 | OK | |
r-release-linux-x86_64 | 0.1.0 | 53.49 | 114.08 | 167.57 | OK | |
r-release-macos-arm64 | 0.1.0 | 58.00 | NOTE | |||
r-release-macos-x86_64 | 0.1.0 | 169.00 | NOTE | |||
r-release-windows-x86_64 | 0.1.0 | 45.00 | 119.00 | 164.00 | OK | |
r-oldrel-macos-arm64 | 0.1.0 | 62.00 | NOTE | |||
r-oldrel-macos-x86_64 | 0.1.0 | 156.00 | NOTE | |||
r-oldrel-windows-x86_64 | 0.1.0 | 57.00 | 143.00 | 200.00 | OK |
Version: 0.1.0
Check: installed package size
Result: NOTE
installed size is 5.1Mb
sub-directories of 1Mb or more:
libs 3.1Mb
tinytest 1.6Mb
Flavors: r-release-macos-arm64, r-release-macos-x86_64, r-oldrel-macos-arm64, r-oldrel-macos-x86_64