CRAN Package Check Results for Package nosoi

Last updated on 2020-10-30 11:50:51 CET.

Flavor Version Tinstall Tcheck Ttotal Status Flags
r-devel-linux-x86_64-debian-clang 1.0.3 6.15 189.57 195.72 NOTE
r-devel-linux-x86_64-debian-gcc 1.0.3 4.47 138.88 143.35 OK
r-devel-linux-x86_64-fedora-clang 1.0.3 227.14 OK
r-devel-linux-x86_64-fedora-gcc 1.0.3 246.04 OK
r-devel-windows-ix86+x86_64 1.0.3 11.00 165.00 176.00 OK
r-patched-linux-x86_64 1.0.3 5.61 176.91 182.52 OK
r-patched-solaris-x86 1.0.3 288.70 NOTE
r-release-linux-x86_64 1.0.3 5.56 177.49 183.05 OK
r-release-macos-x86_64 1.0.3 NOTE
r-release-windows-ix86+x86_64 1.0.3 7.00 230.00 237.00 OK
r-oldrel-macos-x86_64 1.0.3 OK
r-oldrel-windows-ix86+x86_64 1.0.3 14.00 163.00 177.00 OK

Check Details

Version: 1.0.3
Check: package dependencies
Result: NOTE
    Package suggested but not available for checking: 'ggtree'
Flavor: r-devel-linux-x86_64-debian-clang

Version: 1.0.3
Check: package dependencies
Result: NOTE
    Package suggested but not available for checking: ‘gifski’
Flavor: r-patched-solaris-x86

Version: 1.0.3
Check: package dependencies
Result: NOTE
    Packages suggested but not available for checking: 'treeio', 'ggtree'
Flavor: r-release-macos-x86_64

Version: 1.0.3
Check: Rd cross-references
Result: NOTE
    Package unavailable to check Rd xrefs: ‘treeio’
Flavor: r-release-macos-x86_64