CRAN Package Check Results for Package np

Last updated on 2020-08-05 12:50:22 CEST.

Flavor Version Tinstall Tcheck Ttotal Status Flags
r-devel-linux-x86_64-debian-clang 0.60-10 68.80 450.93 519.73 OK
r-devel-linux-x86_64-debian-gcc 0.60-10 51.49 324.73 376.22 OK
r-devel-linux-x86_64-fedora-clang 0.60-10 604.79 NOTE
r-devel-linux-x86_64-fedora-gcc 0.60-10 598.57 OK
r-devel-windows-ix86+x86_64 0.60-10 141.00 163.00 304.00 OK --no-examples --no-tests --no-vignettes
r-patched-linux-x86_64 0.60-10 57.91 441.35 499.26 OK
r-patched-solaris-x86 0.60-10 953.40 OK
r-release-linux-x86_64 0.60-10 55.65 443.76 499.41 OK
r-release-macos-x86_64 0.60-10 OK
r-release-windows-ix86+x86_64 0.60-10 135.00 221.00 356.00 OK --no-examples --no-tests --no-vignettes
r-oldrel-macos-x86_64 0.60-10 OK
r-oldrel-windows-ix86+x86_64 0.60-10 93.00 198.00 291.00 OK --no-examples --no-tests --no-vignettes

Additional issues

clang-UBSAN

Check Details

Version: 0.60-10
Check: Rd cross-references
Result: NOTE
    Undeclared packages ‘logspline’, ‘ks’ in Rd xrefs
Flavor: r-devel-linux-x86_64-fedora-clang