Last updated on 2024-04-24 19:55:16 CEST.
Flavor | Version | Tinstall | Tcheck | Ttotal | Status | Flags |
---|---|---|---|---|---|---|
r-devel-linux-x86_64-debian-clang | 0.1.0 | 8.29 | 62.50 | 70.79 | NOTE | |
r-devel-linux-x86_64-debian-gcc | 0.1.0 | 5.79 | 48.44 | 54.23 | NOTE | |
r-devel-linux-x86_64-fedora-clang | 0.1.0 | 87.32 | NOTE | |||
r-devel-linux-x86_64-fedora-gcc | 0.1.0 | 82.70 | NOTE | |||
r-devel-windows-x86_64 | 0.1.0 | 7.00 | 62.00 | 69.00 | NOTE | |
r-patched-linux-x86_64 | 0.1.0 | 6.65 | 61.55 | 68.20 | NOTE | |
r-release-linux-x86_64 | 0.1.0 | 6.28 | 62.48 | 68.76 | NOTE | |
r-release-macos-arm64 | 0.1.0 | 30.00 | NOTE | |||
r-release-windows-x86_64 | 0.1.0 | 6.00 | 62.00 | 68.00 | NOTE | |
r-oldrel-macos-arm64 | 0.1.0 | 28.00 | NOTE | |||
r-oldrel-macos-x86_64 | 0.1.0 | 49.00 | NOTE | |||
r-oldrel-windows-x86_64 | 0.1.0 | 9.00 | 73.00 | 82.00 | NOTE |
Version: 0.1.0
Check: LazyData
Result: NOTE
'LazyData' is specified without a 'data' directory
Flavors: r-devel-linux-x86_64-debian-clang, r-devel-linux-x86_64-debian-gcc, r-devel-linux-x86_64-fedora-clang, r-devel-linux-x86_64-fedora-gcc, r-devel-windows-x86_64, r-patched-linux-x86_64, r-release-linux-x86_64, r-release-macos-arm64, r-release-windows-x86_64, r-oldrel-macos-arm64, r-oldrel-macos-x86_64, r-oldrel-windows-x86_64