CRAN Package Check Results for Package npsf

Last updated on 2020-05-28 12:48:45 CEST.

Flavor Version Tinstall Tcheck Ttotal Status Flags
r-devel-linux-x86_64-debian-clang 0.6.0 30.95 68.40 99.35 OK
r-devel-linux-x86_64-debian-gcc 0.6.0 24.99 51.96 76.95 OK
r-devel-linux-x86_64-fedora-clang 0.6.0 142.16 OK
r-devel-linux-x86_64-fedora-gcc 0.6.0 117.55 OK
r-devel-windows-ix86+x86_64 0.6.0 70.00 86.00 156.00 OK
r-patched-linux-x86_64 0.6.0 25.52 68.93 94.45 OK
r-patched-solaris-x86 0.6.0 133.70 OK
r-release-linux-x86_64 0.6.0 25.26 69.17 94.43 OK
r-release-osx-x86_64 0.6.0 NOTE
r-release-windows-ix86+x86_64 0.6.0 49.00 131.00 180.00 OK
r-oldrel-osx-x86_64 0.6.0 NOTE
r-oldrel-windows-ix86+x86_64 0.6.0 67.00 118.00 185.00 OK

Check Details

Version: 0.6.0
Check: package dependencies
Result: NOTE
    Package suggested but not available for checking: ‘Rmpi’
Flavors: r-release-osx-x86_64, r-oldrel-osx-x86_64