CRAN Package Check Results for Package npsf

Last updated on 2019-10-15 12:46:17 CEST.

Flavor Version Tinstall Tcheck Ttotal Status Flags
r-devel-linux-x86_64-debian-clang 0.5.2 31.03 60.37 91.40 OK
r-devel-linux-x86_64-debian-gcc 0.5.2 22.27 46.82 69.09 OK
r-devel-linux-x86_64-fedora-clang 0.5.2 110.76 OK
r-devel-linux-x86_64-fedora-gcc 0.5.2 110.01 OK
r-devel-windows-ix86+x86_64 0.5.2 47.00 112.00 159.00 OK
r-patched-linux-x86_64 0.5.2 23.18 60.46 83.64 OK
r-patched-solaris-x86 0.5.2 123.30 OK
r-release-linux-x86_64 0.5.2 24.39 60.99 85.38 OK
r-release-windows-ix86+x86_64 0.5.2 71.00 75.00 146.00 OK
r-release-osx-x86_64 0.5.2 NOTE
r-oldrel-windows-ix86+x86_64 0.5.2 43.00 81.00 124.00 OK
r-oldrel-osx-x86_64 0.5.2 NOTE

Check Details

Version: 0.5.2
Check: package dependencies
Result: NOTE
    Package suggested but not available for checking: ‘Rmpi’
Flavors: r-release-osx-x86_64, r-oldrel-osx-x86_64