CRAN Package Check Results for Package npsm

Last updated on 2025-01-19 05:49:15 CET.

Flavor Version Tinstall Tcheck Ttotal Status Flags
r-devel-linux-x86_64-debian-clang 2.0.0 4.07 37.57 41.64 NOTE
r-devel-linux-x86_64-debian-gcc 2.0.0 2.52 28.65 31.17 NOTE
r-devel-linux-x86_64-fedora-clang 2.0.0 68.12 OK
r-devel-linux-x86_64-fedora-gcc 2.0.0 64.19 OK
r-devel-windows-x86_64 2.0.0 6.00 76.00 82.00 NOTE
r-patched-linux-x86_64 2.0.0 6.85 36.09 42.94 OK
r-release-linux-x86_64 2.0.0 3.77 35.98 39.75 OK
r-release-macos-arm64 2.0.0 30.00 OK
r-release-macos-x86_64 2.0.0 34.00 OK
r-release-windows-x86_64 2.0.0 7.00 81.00 88.00 OK
r-oldrel-macos-arm64 2.0.0 36.00 OK
r-oldrel-macos-x86_64 2.0.0 69.00 OK
r-oldrel-windows-x86_64 2.0.0 6.00 81.00 87.00 OK

Check Details

Version: 2.0.0
Check: Rd cross-references
Result: NOTE Found the following Rd file(s) with Rd \link{} targets missing package anchors: aligned.test.Rd: rfit knn_cv.Rd: knn Please provide package anchors for all Rd \link{} targets not in the package itself and the base packages. Flavors: r-devel-linux-x86_64-debian-clang, r-devel-linux-x86_64-debian-gcc, r-devel-windows-x86_64