Last updated on 2024-04-17 13:57:36 CEST.
Flavor | Version | Tinstall | Tcheck | Ttotal | Status | Flags |
---|---|---|---|---|---|---|
r-devel-linux-x86_64-debian-clang | 0.7-13 | 22.56 | 111.06 | 133.62 | OK | |
r-devel-linux-x86_64-debian-gcc | 0.7-13 | 14.37 | 77.92 | 92.29 | OK | |
r-devel-linux-x86_64-fedora-clang | 0.7-13 | 158.89 | NOTE | |||
r-devel-linux-x86_64-fedora-gcc | 0.7-13 | 310.75 | OK | |||
r-prerel-macos-arm64 | 0.7-13 | 93.00 | OK | |||
r-prerel-macos-x86_64 | 0.7-13 | 260.00 | OK | |||
r-prerel-windows-x86_64 | 0.7-13 | 21.00 | 105.00 | 126.00 | OK | |
r-patched-linux-x86_64 | 0.7-13 | 18.50 | 101.13 | 119.63 | OK | |
r-release-linux-x86_64 | 0.7-13 | 17.25 | 100.45 | 117.70 | OK | |
r-release-macos-arm64 | 0.7-13 | 102.00 | OK | |||
r-release-macos-x86_64 | 0.7-13 | 231.00 | OK | |||
r-release-windows-x86_64 | 0.7-13 | 26.00 | 121.00 | 147.00 | OK | |
r-oldrel-macos-arm64 | 0.7-13 | 124.00 | OK | |||
r-oldrel-windows-x86_64 | 0.7-13 | 25.00 | 108.00 | 133.00 | OK |
Version: 0.7-13
Check: installed package size
Result: NOTE
installed size is 5.1Mb
sub-directories of 1Mb or more:
doc 1.2Mb
libs 3.2Mb
Flavor: r-devel-linux-x86_64-fedora-clang