Last updated on 2025-01-19 05:49:15 CET.
Flavor | Version | Tinstall | Tcheck | Ttotal | Status | Flags |
---|---|---|---|---|---|---|
r-devel-linux-x86_64-debian-clang | 0.0.3 | 11.13 | 81.73 | 92.86 | OK | |
r-devel-linux-x86_64-debian-gcc | 0.0.3 | 7.60 | 59.35 | 66.95 | OK | |
r-devel-linux-x86_64-fedora-clang | 0.0.3 | 142.82 | NOTE | |||
r-devel-linux-x86_64-fedora-gcc | 0.0.3 | 144.22 | NOTE | |||
r-devel-windows-x86_64 | 0.0.3 | 12.00 | 89.00 | 101.00 | OK | |
r-patched-linux-x86_64 | 0.0.3 | 9.19 | 75.19 | 84.38 | OK | |
r-release-linux-x86_64 | 0.0.3 | 10.38 | 75.66 | 86.04 | OK | |
r-release-macos-arm64 | 0.0.3 | 39.00 | OK | |||
r-release-macos-x86_64 | 0.0.3 | 113.00 | OK | |||
r-release-windows-x86_64 | 0.0.3 | 12.00 | 90.00 | 102.00 | OK | |
r-oldrel-macos-arm64 | 0.0.3 | 70.00 | OK | |||
r-oldrel-macos-x86_64 | 0.0.3 | 82.00 | OK | |||
r-oldrel-windows-x86_64 | 0.0.3 | 14.00 | 116.00 | 130.00 | OK |
Version: 0.0.3
Check: dependencies in R code
Result: NOTE
Namespace in Imports field not imported from: ‘xgboost’
All declared Imports should be used.
Flavors: r-devel-linux-x86_64-fedora-clang, r-devel-linux-x86_64-fedora-gcc