Last updated on 2025-10-13 14:49:54 CEST.
| Flavor | Version | Tinstall | Tcheck | Ttotal | Status | Flags |
|---|---|---|---|---|---|---|
| r-devel-linux-x86_64-debian-clang | 1.4.0 | 110.48 | 93.01 | 203.49 | NOTE | |
| r-devel-linux-x86_64-debian-gcc | 1.4.0 | 103.05 | 64.52 | 167.57 | NOTE | |
| r-devel-linux-x86_64-fedora-clang | 2.0.0 | 227.16 | ERROR | |||
| r-devel-linux-x86_64-fedora-gcc | 2.0.0 | 600.93 | OK | |||
| r-devel-windows-x86_64 | 1.4.0 | 150.00 | 132.00 | 282.00 | NOTE | |
| r-patched-linux-x86_64 | 1.4.0 | 145.43 | 84.29 | 229.72 | NOTE | |
| r-release-linux-x86_64 | 1.4.0 | 141.10 | 84.57 | 225.67 | NOTE | |
| r-release-macos-arm64 | 2.0.0 | 113.00 | OK | |||
| r-release-macos-x86_64 | 2.0.0 | 219.00 | OK | |||
| r-release-windows-x86_64 | 1.4.0 | 151.00 | 130.00 | 281.00 | NOTE | |
| r-oldrel-macos-arm64 | 1.4.0 | 121.00 | NOTE | |||
| r-oldrel-macos-x86_64 | 2.0.0 | 218.00 | NOTE | |||
| r-oldrel-windows-x86_64 | 2.0.0 | 145.00 | 221.00 | 366.00 | OK |
Version: 1.4.0
Check: DESCRIPTION meta-information
Result: NOTE
Missing dependency on R >= 4.1.0 because package code uses the pipe
|> or function shorthand \(...) syntax added in R 4.1.0.
File(s) using such syntax:
‘partition.Rd’
Flavors: r-devel-linux-x86_64-debian-clang, r-devel-linux-x86_64-debian-gcc, r-devel-windows-x86_64, r-patched-linux-x86_64, r-release-linux-x86_64, r-release-windows-x86_64
Version: 2.0.0
Check: whether package can be installed
Result: ERROR
Installation failed.
Flavor: r-devel-linux-x86_64-fedora-clang
Version: 1.4.0
Check: installed package size
Result: NOTE
installed size is 14.7Mb
sub-directories of 1Mb or more:
libs 14.3Mb
Flavor: r-oldrel-macos-arm64
Version: 2.0.0
Check: installed package size
Result: NOTE
installed size is 14.1Mb
sub-directories of 1Mb or more:
libs 12.2Mb
Flavor: r-oldrel-macos-x86_64