CRAN Package Check Results for Package numKM

Last updated on 2025-01-19 05:49:15 CET.

Flavor Version Tinstall Tcheck Ttotal Status Flags
r-devel-linux-x86_64-debian-clang 0.2.0 6.32 48.46 54.78 OK
r-devel-linux-x86_64-debian-gcc 0.2.0 4.72 37.25 41.97 OK
r-devel-linux-x86_64-fedora-clang 0.2.0 86.49 OK
r-devel-linux-x86_64-fedora-gcc 0.2.0 83.92 OK
r-devel-windows-x86_64 0.2.0 7.00 60.00 67.00 OK
r-patched-linux-x86_64 0.2.0 5.59 44.99 50.58 NOTE
r-release-linux-x86_64 0.2.0 4.92 45.29 50.21 NOTE
r-release-macos-arm64 0.2.0 27.00 NOTE
r-release-macos-x86_64 0.2.0 40.00 NOTE
r-release-windows-x86_64 0.2.0 8.00 63.00 71.00 NOTE
r-oldrel-macos-arm64 0.2.0 32.00 NOTE
r-oldrel-macos-x86_64 0.2.0 48.00 NOTE
r-oldrel-windows-x86_64 0.2.0 9.00 69.00 78.00 NOTE

Check Details

Version: 0.2.0
Check: LazyData
Result: NOTE 'LazyData' is specified without a 'data' directory Flavors: r-patched-linux-x86_64, r-release-linux-x86_64, r-release-macos-arm64, r-release-macos-x86_64, r-release-windows-x86_64, r-oldrel-macos-arm64, r-oldrel-macos-x86_64, r-oldrel-windows-x86_64