CRAN Package Check Results for Package nvmix

Last updated on 2025-01-19 05:49:15 CET.

Flavor Version Tinstall Tcheck Ttotal Status Flags
r-devel-linux-x86_64-debian-clang 0.1-1 15.97 151.54 167.51 NOTE
r-devel-linux-x86_64-debian-gcc 0.1-1 11.43 108.37 119.80 NOTE
r-devel-linux-x86_64-fedora-clang 0.1-1 275.16 OK
r-devel-linux-x86_64-fedora-gcc 0.1-1 278.11 OK
r-devel-windows-x86_64 0.1-1 20.00 192.00 212.00 NOTE
r-patched-linux-x86_64 0.1-1 15.95 142.51 158.46 OK
r-release-linux-x86_64 0.1-1 15.65 144.14 159.79 OK
r-release-macos-arm64 0.1-1 76.00 OK
r-release-macos-x86_64 0.1-1 144.00 OK
r-release-windows-x86_64 0.1-1 19.00 196.00 215.00 OK
r-oldrel-macos-arm64 0.1-1 88.00 OK
r-oldrel-macos-x86_64 0.1-1 181.00 OK
r-oldrel-windows-x86_64 0.1-1 23.00 211.00 234.00 OK

Check Details

Version: 0.1-1
Check: Rd cross-references
Result: NOTE Found the following Rd file(s) with Rd \link{} targets missing package anchors: qqplot_maha.Rd: ad.test Please provide package anchors for all Rd \link{} targets not in the package itself and the base packages. Flavors: r-devel-linux-x86_64-debian-clang, r-devel-linux-x86_64-debian-gcc, r-devel-windows-x86_64