Last updated on 2025-01-19 05:49:15 CET.
Flavor | Version | Tinstall | Tcheck | Ttotal | Status | Flags |
---|---|---|---|---|---|---|
r-devel-linux-x86_64-debian-clang | 1.0.1 | 72.38 | 111.05 | 183.43 | OK | |
r-devel-linux-x86_64-debian-gcc | 1.0.1 | 54.02 | 79.29 | 133.31 | OK | |
r-devel-linux-x86_64-fedora-clang | 1.0.1 | 336.84 | OK | |||
r-devel-linux-x86_64-fedora-gcc | 1.0.1 | 351.37 | OK | |||
r-devel-windows-x86_64 | 1.0.1 | 95.00 | 145.00 | 240.00 | OK | |
r-patched-linux-x86_64 | 1.0.1 | 75.26 | 103.91 | 179.17 | OK | |
r-release-linux-x86_64 | 1.0.1 | 74.68 | 103.14 | 177.82 | OK | |
r-release-macos-arm64 | 1.0.1 | 80.00 | NOTE | |||
r-release-macos-x86_64 | 1.0.1 | 118.00 | NOTE | |||
r-release-windows-x86_64 | 1.0.1 | 90.00 | 146.00 | 236.00 | OK | |
r-oldrel-macos-arm64 | 1.0.1 | 83.00 | NOTE | |||
r-oldrel-macos-x86_64 | 1.0.1 | 122.00 | NOTE | |||
r-oldrel-windows-x86_64 | 1.0.1 | 108.00 | 169.00 | 277.00 | OK |
Version: 1.0.1
Check: installed package size
Result: NOTE
installed size is 6.1Mb
sub-directories of 1Mb or more:
libs 5.3Mb
Flavors: r-release-macos-arm64, r-release-macos-x86_64, r-oldrel-macos-arm64, r-oldrel-macos-x86_64