Last updated on 2024-03-28 14:48:36 CET.
Flavor | Version | Tinstall | Tcheck | Ttotal | Status | Flags |
---|---|---|---|---|---|---|
r-devel-linux-x86_64-debian-clang | 0.2-3 | 10.95 | 37.05 | 48.00 | NOTE | |
r-devel-linux-x86_64-debian-gcc | 0.2-3 | 7.35 | 28.54 | 35.89 | NOTE | |
r-devel-linux-x86_64-fedora-clang | 0.2-3 | 56.66 | NOTE | |||
r-devel-linux-x86_64-fedora-gcc | 0.2-3 | 55.45 | NOTE | |||
r-devel-windows-x86_64 | 0.2-3 | 9.00 | 50.00 | 59.00 | NOTE | |
r-patched-linux-x86_64 | 0.2-3 | 12.88 | 36.16 | 49.04 | NOTE | |
r-release-linux-x86_64 | 0.2-3 | 10.18 | 36.49 | 46.67 | OK | |
r-release-macos-arm64 | 0.2-3 | 23.00 | OK | |||
r-release-macos-x86_64 | 0.2-3 | 28.00 | OK | |||
r-release-windows-x86_64 | 0.2-3 | 10.00 | 53.00 | 63.00 | OK | |
r-oldrel-macos-arm64 | 0.2-3 | 17.00 | OK | |||
r-oldrel-windows-x86_64 | 0.2-3 | 11.00 | 55.00 | 66.00 | OK |
Version: 0.2-3
Check: Rd files
Result: NOTE
checkRd: (-1) ocsApiUserProvisioningManager.Rd:87: Lost braces
87 | \item{code{addToGroup(userid, groupid)}}{
| ^
Flavors: r-devel-linux-x86_64-debian-clang, r-devel-linux-x86_64-debian-gcc, r-devel-linux-x86_64-fedora-clang, r-devel-linux-x86_64-fedora-gcc, r-devel-windows-x86_64, r-patched-linux-x86_64