Last updated on 2025-01-19 05:49:16 CET.
Flavor | Version | Tinstall | Tcheck | Ttotal | Status | Flags |
---|---|---|---|---|---|---|
r-devel-linux-x86_64-debian-clang | 0.7.1 | 108.47 | 122.22 | 230.69 | OK | |
r-devel-linux-x86_64-debian-gcc | 0.7.1 | 76.58 | 85.58 | 162.16 | OK | |
r-devel-linux-x86_64-fedora-clang | 0.7.1 | 415.69 | OK | |||
r-devel-linux-x86_64-fedora-gcc | 0.7.1 | 428.92 | OK | |||
r-devel-windows-x86_64 | 0.7.1 | 111.00 | 177.00 | 288.00 | OK | |
r-patched-linux-x86_64 | 0.7.1 | 100.90 | 113.80 | 214.70 | OK | |
r-release-linux-x86_64 | 0.7.1 | 98.00 | 112.80 | 210.80 | OK | |
r-release-macos-arm64 | 0.7.1 | 104.00 | NOTE | |||
r-release-macos-x86_64 | 0.7.1 | 117.00 | NOTE | |||
r-release-windows-x86_64 | 0.7.1 | 113.00 | 177.00 | 290.00 | OK | |
r-oldrel-macos-arm64 | 0.7.1 | 112.00 | NOTE | |||
r-oldrel-macos-x86_64 | 0.7.1 | 132.00 | NOTE | |||
r-oldrel-windows-x86_64 | 0.7.1 | 130.00 | 211.00 | 341.00 | OK |
Version: 0.7.1
Check: installed package size
Result: NOTE
installed size is 8.4Mb
sub-directories of 1Mb or more:
libs 8.0Mb
Flavors: r-release-macos-arm64, r-release-macos-x86_64, r-oldrel-macos-arm64, r-oldrel-macos-x86_64