CRAN Package Check Results for Package oenb

Last updated on 2025-01-19 05:49:16 CET.

Flavor Version Tinstall Tcheck Ttotal Status Flags
r-devel-linux-x86_64-debian-clang 0.0.2 1.37 21.64 23.01 OK
r-devel-linux-x86_64-debian-gcc 0.0.2 1.54 18.26 19.80 OK
r-devel-linux-x86_64-fedora-clang 0.0.2 39.33 OK
r-devel-linux-x86_64-fedora-gcc 0.0.2 52.59 OK
r-devel-windows-x86_64 0.0.2 3.00 46.00 49.00 OK
r-patched-linux-x86_64 0.0.2 1.96 20.87 22.83 NOTE
r-release-linux-x86_64 0.0.2 1.36 20.78 22.14 NOTE
r-release-macos-arm64 0.0.2 23.00 NOTE
r-release-macos-x86_64 0.0.2 33.00 NOTE
r-release-windows-x86_64 0.0.2 4.00 51.00 55.00 NOTE
r-oldrel-macos-arm64 0.0.2 26.00 NOTE
r-oldrel-macos-x86_64 0.0.2 32.00 NOTE
r-oldrel-windows-x86_64 0.0.2 3.00 46.00 49.00 NOTE

Check Details

Version: 0.0.2
Check: LazyData
Result: NOTE 'LazyData' is specified without a 'data' directory Flavors: r-patched-linux-x86_64, r-release-linux-x86_64, r-release-macos-arm64, r-release-macos-x86_64, r-release-windows-x86_64, r-oldrel-macos-arm64, r-oldrel-macos-x86_64, r-oldrel-windows-x86_64