Last updated on 2025-01-19 05:49:16 CET.
Flavor | Version | Tinstall | Tcheck | Ttotal | Status | Flags |
---|---|---|---|---|---|---|
r-devel-linux-x86_64-debian-clang | 1.0.2.1 | 2.27 | 26.89 | 29.16 | OK | |
r-devel-linux-x86_64-debian-gcc | 1.0.2.1 | 1.67 | 20.60 | 22.27 | OK | |
r-devel-linux-x86_64-fedora-clang | 1.0.2.1 | 46.57 | OK | |||
r-devel-linux-x86_64-fedora-gcc | 1.0.2.1 | 45.10 | OK | |||
r-devel-windows-x86_64 | 1.0.2.1 | 4.00 | 49.00 | 53.00 | OK | |
r-patched-linux-x86_64 | 1.0.2.1 | 2.11 | 25.36 | 27.47 | NOTE | |
r-release-linux-x86_64 | 1.0.2.1 | 2.03 | 25.59 | 27.62 | NOTE | |
r-release-macos-arm64 | 1.0.2.1 | 20.00 | NOTE | |||
r-release-macos-x86_64 | 1.0.2.1 | 25.00 | NOTE | |||
r-release-windows-x86_64 | 1.0.2.1 | 4.00 | 55.00 | 59.00 | NOTE | |
r-oldrel-macos-arm64 | 1.0.2.1 | 20.00 | NOTE | |||
r-oldrel-macos-x86_64 | 1.0.2.1 | 27.00 | NOTE | |||
r-oldrel-windows-x86_64 | 1.0.2.1 | 5.00 | 51.00 | 56.00 | NOTE |
Version: 1.0.2.1
Check: LazyData
Result: NOTE
'LazyData' is specified without a 'data' directory
Flavors: r-patched-linux-x86_64, r-release-linux-x86_64, r-release-macos-arm64, r-release-macos-x86_64, r-release-windows-x86_64, r-oldrel-macos-arm64, r-oldrel-macos-x86_64, r-oldrel-windows-x86_64