Last updated on 2024-04-17 13:57:36 CEST.
Flavor | Version | Tinstall | Tcheck | Ttotal | Status | Flags |
---|---|---|---|---|---|---|
r-devel-linux-x86_64-debian-clang | 0.3.0 | 50.39 | 32.96 | 83.35 | OK | |
r-devel-linux-x86_64-debian-gcc | 0.3.0 | 36.83 | 25.32 | 62.15 | OK | |
r-devel-linux-x86_64-fedora-clang | 0.3.0 | 119.62 | NOTE | |||
r-devel-linux-x86_64-fedora-gcc | 0.3.0 | 126.90 | NOTE | |||
r-prerel-macos-arm64 | 0.3.0 | 34.00 | OK | |||
r-prerel-windows-x86_64 | 0.3.0 | 36.00 | 63.00 | 99.00 | OK | |
r-patched-linux-x86_64 | 0.3.0 | 42.11 | 31.11 | 73.22 | OK | |
r-release-linux-x86_64 | 0.3.0 | 46.88 | 30.55 | 77.43 | OK | |
r-release-macos-arm64 | 0.3.0 | 37.00 | OK | |||
r-release-macos-x86_64 | 0.3.0 | 61.00 | OK | |||
r-release-windows-x86_64 | 0.3.0 | 35.00 | 73.00 | 108.00 | OK | |
r-oldrel-macos-arm64 | 0.3.0 | 33.00 | OK | |||
r-oldrel-windows-x86_64 | 0.3.0 | 43.00 | 70.00 | 113.00 | OK |
Version: 0.3.0
Check: compiled code
Result: NOTE
File ‘olctools/libs/olctools.so’:
Found no calls to: ‘R_registerRoutines’, ‘R_useDynamicSymbols’
It is good practice to register native routines and to disable symbol
search.
See ‘Writing portable packages’ in the ‘Writing R Extensions’ manual.
Flavors: r-devel-linux-x86_64-fedora-clang, r-devel-linux-x86_64-fedora-gcc