CRAN Package Check Results for Package ondisc

Last updated on 2025-01-19 05:49:16 CET.

Flavor Version Tinstall Tcheck Ttotal Status Flags
r-devel-linux-x86_64-debian-clang 1.0.0 24.37 71.71 96.08 OK
r-devel-linux-x86_64-debian-gcc 1.0.0 17.34 49.43 66.77 OK
r-devel-linux-x86_64-fedora-clang 1.0.0 178.87 OK
r-devel-linux-x86_64-fedora-gcc 1.0.0 198.69 OK
r-devel-windows-x86_64 1.0.0 31.00 129.00 160.00 OK
r-patched-linux-x86_64 1.0.0 22.17 66.37 88.54 NOTE
r-release-linux-x86_64 1.0.0 23.12 66.51 89.63 NOTE
r-release-macos-arm64 1.0.0 59.00 NOTE
r-release-macos-x86_64 1.0.0 77.00 NOTE
r-release-windows-x86_64 1.0.0 30.00 127.00 157.00 NOTE
r-oldrel-macos-arm64 1.0.0 66.00 NOTE
r-oldrel-macos-x86_64 1.0.0 146.00 NOTE
r-oldrel-windows-x86_64 1.0.0 35.00 142.00 177.00 NOTE

Additional issues

clang-UBSAN gcc-UBSAN

Check Details

Version: 1.0.0
Check: LazyData
Result: NOTE 'LazyData' is specified without a 'data' directory Flavors: r-patched-linux-x86_64, r-release-linux-x86_64, r-release-macos-arm64, r-release-macos-x86_64, r-release-windows-x86_64, r-oldrel-macos-arm64, r-oldrel-macos-x86_64, r-oldrel-windows-x86_64

Version: 1.0.0
Check: for GNU extensions in Makefiles
Result: NOTE GNU make is a SystemRequirements. Flavors: r-patched-linux-x86_64, r-release-linux-x86_64, r-release-macos-arm64, r-release-macos-x86_64, r-release-windows-x86_64, r-oldrel-macos-arm64, r-oldrel-macos-x86_64, r-oldrel-windows-x86_64

Version: 1.0.0
Check: installed package size
Result: NOTE installed size is 17.0Mb sub-directories of 1Mb or more: libs 15.9Mb Flavors: r-release-macos-arm64, r-release-macos-x86_64, r-release-windows-x86_64, r-oldrel-macos-arm64, r-oldrel-macos-x86_64, r-oldrel-windows-x86_64