CRAN Package Check Results for Package onehot

Last updated on 2025-01-19 05:49:16 CET.

Flavor Version Tinstall Tcheck Ttotal Status Flags
r-devel-linux-x86_64-debian-clang 0.1.1 1.89 16.47 18.36 OK
r-devel-linux-x86_64-debian-gcc 0.1.1 1.87 13.39 15.26 OK
r-devel-linux-x86_64-fedora-clang 0.1.1 29.81 OK
r-devel-linux-x86_64-fedora-gcc 0.1.1 29.36 OK
r-devel-windows-x86_64 0.1.1 6.00 37.00 43.00 OK
r-patched-linux-x86_64 0.1.1 2.08 15.35 17.43 NOTE
r-release-linux-x86_64 0.1.1 2.04 15.54 17.58 NOTE
r-release-macos-arm64 0.1.1 14.00 NOTE
r-release-macos-x86_64 0.1.1 19.00 NOTE
r-release-windows-x86_64 0.1.1 5.00 36.00 41.00 NOTE
r-oldrel-macos-arm64 0.1.1 17.00 NOTE
r-oldrel-macos-x86_64 0.1.1 20.00 NOTE
r-oldrel-windows-x86_64 0.1.1 5.00 35.00 40.00 NOTE

Check Details

Version: 0.1.1
Check: LazyData
Result: NOTE 'LazyData' is specified without a 'data' directory Flavors: r-patched-linux-x86_64, r-release-linux-x86_64, r-release-macos-arm64, r-release-macos-x86_64, r-release-windows-x86_64, r-oldrel-macos-arm64, r-oldrel-macos-x86_64, r-oldrel-windows-x86_64