Last updated on 2025-01-19 05:49:16 CET.
Flavor | Version | Tinstall | Tcheck | Ttotal | Status | Flags |
---|---|---|---|---|---|---|
r-devel-linux-x86_64-debian-clang | 3.2.0 | 74.53 | 182.37 | 256.90 | OK | --no-vignettes |
r-devel-linux-x86_64-debian-gcc | 3.2.0 | 46.29 | 128.84 | 175.13 | OK | --no-vignettes |
r-devel-linux-x86_64-fedora-clang | 3.2.0 | 913.34 | OK | |||
r-devel-linux-x86_64-fedora-gcc | 3.2.0 | 560.31 | OK | |||
r-devel-windows-x86_64 | 3.2.0 | 75.00 | 462.00 | 537.00 | OK | |
r-patched-linux-x86_64 | 3.2.0 | 68.68 | 170.58 | 239.26 | OK | --no-vignettes |
r-release-linux-x86_64 | 3.2.0 | 66.27 | 169.66 | 235.93 | OK | --no-vignettes |
r-release-macos-arm64 | 3.2.0 | 210.00 | NOTE | |||
r-release-macos-x86_64 | 3.2.0 | 353.00 | NOTE | |||
r-release-windows-x86_64 | 3.2.0 | 70.00 | 453.00 | 523.00 | NOTE | |
r-oldrel-macos-arm64 | 3.2.0 | 200.00 | NOTE | |||
r-oldrel-macos-x86_64 | 3.2.0 | 442.00 | NOTE | |||
r-oldrel-windows-x86_64 | 3.2.0 | 89.00 | 572.00 | 661.00 | NOTE |
Version: 3.2.0
Check: installed package size
Result: NOTE
installed size is 7.7Mb
sub-directories of 1Mb or more:
doc 2.1Mb
libs 3.8Mb
Flavors: r-release-macos-arm64, r-release-macos-x86_64, r-release-windows-x86_64, r-oldrel-macos-arm64, r-oldrel-macos-x86_64, r-oldrel-windows-x86_64